r) = -r + 9. Let s(d) = -15*h(d) - 2*w(d). Give s(6).
9
Let i(o) = -1. Let t(z) = -2*z**3 - 7*z**2 + 5*z + 24. Let d(l) = 5*i(l) - t(l). Let c(x) = -x**3 - 4*x**2 + 3*x + 15. Let p(a) = 5*c(a) + 3*d(a). What is p(0)?
-12
Let d = -8 + 20. Suppose c - d = 19. Suppose 2*m + 4*l = -18, -3*l = -0*m + 5*m + c. Let p(k) = -k + 4. What is p(m)?
9
Let l(v) = 0*v**2 - 4*v + 0*v**2 - v**3 + 4*v**2 + 0 - 1. Let q = -4 - -6. Suppose 4*u = 3*t - 10 - 3, -t + q = u. Determine l(t).
-4
Let y = 37 + -110/3. Let n(f) be the second derivative of f - 3*f**2 + 1/20*f**5 + y*f**3 - 5/12*f**4 + 0. Give n(5).
4
Let i(x) = 15*x + 14. Let t(d) = 5*d + 5. Let w(k) = 25*k + 25. Let j(u) = 11*t(u) - 2*w(u). Let o(n) = -4*i(n) + 11*j(n). Give o(1).
-6
Let a(t) = 3*t**3 + 11*t**2 + 22*t - 16. Let l(j) = -2*j**3 - 7*j**2 - 15*j + 11. Let q(d) = 5*a(d) + 7*l(d). Let p = 247 - 251. What is q(p)?
9
Let p(i) = -i - 9. Suppose -4*d = 0, 5*d - 4 - 6 = 2*w. Determine p(w).
-4
Let i(f) = f**3 - 8*f**2 - 11*f + 12. Let u be i(9). Let x(r) = -r - 7. Determine x(u).
-1
Let n be (15/6 + -2)/(6/(-12)). Let x(w) = -7*w**3 + 2*w + 1. Determine x(n).
6
Let f(a) = -a + 11. Let m be f(10). Let n(l) = 4*l**2 - 5*l + 5. Let v(b) = 5*b**2 - 6*b + 6. Let d(u) = 6*n(u) - 5*v(u). Give d(m).
-1
Suppose 10*m + 20 = 6*m. Let n(f) = 3 - 3 - 5*f + 6 - 6*f**2 - f**3. Calculate n(m).
6
Let t(n) be the third derivative of n**4/6 + n**3/6 + 20*n**2. Give t(-3).
-11
Let u(a) = 3*a + 2. Let s be 106/(-12) - (-1)/(-6). Let j(h) = h**2 + 9*h. Let t be j(s). Suppose t = -2*b + 7*b + 15. What is u(b)?
-7
Let h(k) = k**3 - 18*k**2 + 17*k - 5. Let t be h(17). Let p(y) = -9*y. Let j(i) = 5*i. Let v(m) = 7*j(m) + 4*p(m). Determine v(t).
5
Let z be -2 - (0 - -3)*-1. Let d(h) = -11*h**2 - 2 - z + 10*h**2 - 4*h. What is d(-2)?
1
Let v(o) = -7*o**2 - o + 1. Suppose -a = 4*a. Let i be (-1)/1 - (a + -1). Let n = 1 + i. What is v(n)?
-7
Let f = 3 + -1. Let c(u) = u + 1 - 2*u**2 - 3*u + 5*u**3 - 3*u**3 + 0*u**f. Let z be c(2). Let b(j) = -j**3 + 4*j**2 + 5*j + 5. What is b(z)?
5
Let z(r) = r**2 + 7*r - 6. Suppose 3*o + 32 - 14 = 0. What is z(o)?
-12
Let k(d) = 3*d**3 + 0*d**3 + 20*d - 5*d**2 - 26*d - 4*d**3 - 6. What is k(-4)?
2
Suppose -144 = -g - 3*g. Let v be (-4)/(-6) - g/(-27). Let a(q) = 3 - 7 + 7*q**v - 7*q - 9*q**2. Give a(-4).
-8
Let h(q) = -q**3 - 7*q**2 + 9*q + 10. Let k be h(-8). Let b be 1/(k/(-4) + 1). Let p(v) = -3*v - 4 + 5*v - 4*v**b + v**3 + 3. Determine p(3).
-4
Let s(t) = -t - 6. Let o be ((-22)/(-55) + (-22)/(-20))*-4. Determine s(o).
0
Let y(m) = m**2 - m - 2. Let a be 7/14 + (-13)/(-2). Let b = 12 - a. Let q = b - 5. Determine y(q).
-2
Let n(z) = -z + 10. Suppose 3*g - 9 = 2*k, 3*g = 2*g + 2*k + 3. Suppose -c = -g*c. Calculate n(c).
10
Let z be 2 + (-4 - 8/4). Let s(v) = -1 - v**2 - 6*v - 1 + 0. Determine s(z).
6
Let x be ((-4)/10)/(1/10). Let h = x + -1. Let m(i) = i**3 + 4*i**2 - 6*i + 5. What is m(h)?
10
Suppose -2*v + 10 = -4*i, 2*i - 2*v = -3*i - 14. Suppose -3*t = -0*t. Let l(j) = t + 2*j - 6 + j**2 + 1. What is l(i)?
3
Suppose 0 = f + 3*f + 12. Let w = -2 - f. Let d(z) = -3*z**3 + z**2. Calculate d(w).
-2
Suppose 4*l = 3*l + 3. Let h(g) be the second derivative of -l*g - 1/2*g**2 + 2/3*g**3 + 0. Determine h(2).
7
Suppose 234*x = 239*x. Let o(n) = -n - 7. What is o(x)?
-7
Let z(q) = -8*q**2 - q + 2. Let f(w) = -7*w**2 - w + 3. Let n(i) = -3*f(i) + 4*z(i). Let l be 0/(-1 - 1 - 1) - 1. Give n(l).
-11
Let a = 2 + 0. Let f(h) = 1. Let i(n) = -n**2 + 1. Let o(g) = a*f(g) - i(g). Let u(b) = -b**2 - 3*b + 10. Let j be u(-5). Calculate o(j).
1
Let s = 118 - 114. Let b(g) = g**3 - 3*g**2 - 2*g - 4. Give b(s).
4
Let f(t) = -7*t**2 - 3*t - 1. Let m(p) = 8*p**2 + 4*p + 1. Let j(l) = 3*f(l) + 2*m(l). What is j(-1)?
-5
Let s(d) = -2*d + 4. Suppose -x + 4*y - 10 = 0, -2*x - y = -4*x + 8. Determine s(x).
-8
Let j(f) = f**2 - 2*f + 1. Let q = -7 + 5. What is j(q)?
9
Let t = 153 + -146. Let w(o) = -5*o + 9. What is w(t)?
-26
Let d(u) be the second derivative of u**4/12 - u**3/2 + u**2 - 6*u. What is d(4)?
6
Let q(y) = y**2 + 3*y + 4. Let u = 6 - 5. Suppose r = -2*l - u - 6, 4*l = 2*r - 2. What is q(r)?
4
Let l(m) = -2*m + 6. Suppose r = -5*i + 19, i + 20 - 7 = -3*r. Calculate l(r).
18
Suppose 2*y + 8*j + 24 = 3*j, 12 = -3*j. Let a(s) = s**2 - 8*s - 3. Let q(z) = -4*z**2 + 25*z + 9. Let n(v) = y*q(v) - 7*a(v). Give n(-5).
-2
Let a(o) = o**2 - 3*o + 1. Suppose -2*w - 4*r + 9*r - 33 = 0, 0 = -4*w + 5*r - 41. Let b be (w - -4) + 1/1. Determine a(b).
-1
Suppose 4*n = 4*u + 12, -3*u - 8 = 2*n - 24. Let m(v) = 2*v - v**3 + 5*v**2 - 2 - 5 + 0*v. Determine m(n).
3
Let p be 4 + (-9 + 7 - 4/2). Let i be (1 + -2 + 3)*1. Let r(x) = -2 + x**i - 3 - 1. Calculate r(p).
-6
Let v(r) = 4*r - 2*r + r**2 - 2 - 3*r + 3. Let j(y) = 7*y**2 - 10*y + 2. Let b(a) = j(a) - 6*v(a). What is b(5)?
1
Let r = 55 - 55. Let s = 8 - 6. Suppose r = -s*h + h + 4. Let a(p) = p**3 - 3*p**2 - 2*p. Determine a(h).
8
Let n(m) = m**2 - 3*m + 3. Let f(i) = -2*i**3 - 24*i**2 - 2*i - 27. Let w be f(-12). Calculate n(w).
21
Let f(z) = 2 + z - 5 + 2*z - z. What is f(5)?
7
Let l be ((-18)/(-10))/(8/((-160)/(-6))). Let r(q) = q**3 - 6*q**2 + 5. Determine r(l).
5
Let c(q) = -q**3 - 6*q**2 - q - 8. Let l(w) = w**3 + 7*w**2 + 2*w + 9. Let v(o) = -4*c(o) - 3*l(o). Determine v(-4).
-3
Let v(i) = -i**2 + 1. Let n = 9 + -7. Let q be v(n). Let k(m) be the first derivative of m**2/2 - m - 1. What is k(q)?
-4
Let f(u) = 11*u**3 + 2*u**2 + 2*u + 1. Let i(l) = 2*l - 9 - 10*l - 3*l - l**2. Let w be i(-10). Let d = w - 2. What is f(d)?
-10
Let x(s) be the third derivative of s**6/60 + s**5/60 - s**3/6 - 2*s**2. Let w be x(-1). Let y(h) = -3*h - 2. What is y(w)?
4
Let p(u) = 8*u**2 - 2*u - 1. Suppose -2*c + 4 = l, l - 3 - 5 = -3*c. Let z be l/6 - (-2)/(-6). Give p(z).
9
Let s(f) = -5*f - 20. Let i(w) = -14*w - 59. Let n(g) = -6*i(g) + 17*s(g). Calculate n(6).
8
Let n(i) = -i - 2. Let p = -93 + 84. Give n(p).
7
Let w = -37 + 27. Let h(c) = c + 7. Calculate h(w).
-3
Let n(o) = o**2 + 2*o - 4. Let f(k) be the first derivative of -k**2/2 + 7*k + 1. Let g be f(4). Give n(g).
11
Let m(o) = 2*o + 1. Let a(u) = u. Let d(v) = -3*a(v) + 2*m(v). Let x be (-4)/(-1) + -7 + 5. Determine d(x).
4
Let j(y) = 1. Let t(w) = -1. Let o(i) = 3*j(i) + 4*t(i). Let p(n) = -2*n + 3. Let k(a) = o(a) - p(a). Calculate k(4).
4
Let y = -6 + 8. Let u(z) = -z + y + 2*z**2 - 3*z**2 - z**2 - z**2. Determine u(2).
-12
Let o(w) be the second derivative of w**3/6 - 37*w. Give o(2).
2
Let x(z) = z**3 - z + 1. Let o = -62 + 64. Give x(o).
7
Let m(p) = p**3 + p**2 - p - 2. Let k(v) = -5 - 2*v + 4 + 1 + v**2. Let f be k(2). What is m(f)?
-2
Let n(z) be the third derivative of z**2 - 7/6*z**3 + 0 + 0*z + 1/60*z**5 + 1/24*z**4. Give n(0).
-7
Let c(j) be the second derivative of j**4/12 + j**3/6 + j**2/2 - j. Let u(f) = f**3 - 7*f**2 + 6*f - 1. Let d be u(6). Determine c(d).
1
Let c(z) = 2*z**3 - 2*z**2 - z. Let q = -1 + 3. Let t(g) = -3*g + g**q + 4*g + g**3 + 4*g + 5*g**2 - 1. Let l be t(-5). Calculate c(l).
-3
Let j(t) be the second derivative of -3*t**2 + 0 + 4*t - 1/12*t**4 - 4/3*t**3. Calculate j(-6).
6
Let d(k) = 219*k + 7 - 218*k - 5 + 5. Suppose -5*u = -x - 9, -3*u = -3*x - 2*x - 23. Determine d(x).
3
Let r be 6/9 - 11/3. Let d = r - -6. Let a(c) = c - 2*c + d*c**2 - 4*c**2. Calculate a(-1).
0
Let v(c) = -c**3 - c + 1. Let b = -7 - -6. Let m(q) = 5*q**3 + 2*q**2 + 4*q - 1. Let p(u) = b*m(u) - 4*v(u). Give p(-3).
6
Let d(h) be the second derivative of -h**6/720 + h**5/120 + 5*h**4/6 + 7*h. Let s(o) be the third derivative of d(o). What is s(4)?
-3
Let b = -1 - 1. Let t(m) = 6*m - 6. Let v(y) = y - 1. Let l(k) = b*t(k) + 11*v(k). Suppose -3*r = -0*r - 15. Determine l(r).
-4
Let k = 29 - 20. Let l be (6/k)/(2/(-6)). Let o(j) be the second derivative of j**5/10 + j**4/3 + 2*j**3/3 + 3*j**2/2 - 4*j. What is o(l)?
-5
Let o(z) = -4*z**3 - 5*z**2 - 7*z + 1. Let h(m) = m**3 + m**2 + m. Let l(r) = -5*h(r) - o(r). Determine l(-2).
3
Let c(u) = u**3 - 5*u**2 - 7*u + 5. Let k be (-118)/(-4) + 3/(-6). Suppose k = 2*m - 9. Let b = m - 13. Give c(b).
-1
Let t(f) = 2*f - 13. Let h(v) = 1. Let d(w) = -6*h(w) - t(w). Let c = 22 + -16. What is d(c)?
-5
Suppose -10*x - 12 = -7*x. Let v(u) = -1 - 4*u + u**3 + 2*u**3 - 4*u**3 - 5*